{"id":25,"date":"2022-09-10T11:36:01","date_gmt":"2022-09-10T09:36:01","guid":{"rendered":"https:\/\/www.gewerbeverein-grossauheim.de\/?page_id=25"},"modified":"2023-07-01T13:38:04","modified_gmt":"2023-07-01T11:38:04","slug":"startseite","status":"publish","type":"page","link":"https:\/\/www.gewerbeverein-grossauheim.de\/","title":{"rendered":"Startseite"},"content":{"rendered":"\n    \n    <section class=\"u-clearfix u-grey-10 u-section-2\" id=\"sec-774f\">\n      <div class=\"u-clearfix u-sheet u-valign-middle u-sheet-1\">\n        <p class=\"u-align-center-sm u-align-center-xs u-text u-text-default u-text-1\">Herzlich Willkommen beim Gewerbeverein Gro\u00dfauheim<\/p>\n      <\/div>\n    <\/section>\n    <section class=\"u-clearfix u-section-3\" id=\"sec-b7a5\">\n      <div class=\"u-clearfix u-sheet u-valign-middle u-sheet-1\">\n        <div class=\"u-clearfix u-expanded-width u-layout-wrap u-layout-wrap-1\">\n          <div class=\"u-layout\">\n            <div class=\"u-layout-row\">\n              <div class=\"u-align-center u-container-style u-layout-cell u-size-30 u-layout-cell-1\">\n                <div class=\"u-container-layout u-valign-bottom u-container-layout-1\">\n                  <lt-highlighter style=\"display: none; z-index: 1 !important;\" class=\"lt-highlighter--grid-item\">\n                    <lt-div spellcheck=\"false\" class=\"lt-highlighter__wrapper\" style=\"width: 393px; height: 83px; transform: none !important; transform-origin: 196.508px 41.6px 0px !important; margin-top: 11px; margin-left: 88px;\">\n                      <lt-div class=\"lt-highlighter__scroll-element\" style=\"top: 0px; left: 0px; width: 393px; height: 83px;\"><\/lt-div>\n                    <\/lt-div>\n                  <\/lt-highlighter>\n                  <p class=\"u-text u-text-default u-text-1\">\n                    <span style=\"font-size: 1.25rem;\">Rochusmarkt 2023<\/span>\n                    <br>\n                    <br> Auch dieses Jahr laden wir Sie wieder herzlich ein<br>\n                  <\/p>\n                  <img decoding=\"async\" class=\"u-expanded-width-lg u-expanded-width-md u-expanded-width-sm u-expanded-width-xs u-hover-feature u-image u-image-contain u-image-default u-image-1\" src=\"https:\/\/www.gewerbeverein-grossauheim.de\/wp-content\/uploads\/2023\/07\/Plakat2023neu.png\" alt=\"\" data-image-width=\"3578\" data-image-height=\"5031\" data-animation-name=\"customAnimationIn\" data-animation-duration=\"1000\">\n                <\/div>\n              <\/div>\n              <div class=\"u-align-center u-container-style u-layout-cell u-size-30 u-layout-cell-2\">\n                <div class=\"u-container-layout u-container-layout-2\">\n                  <p class=\"u-text u-text-default u-text-2\"> Wir freuen uns, dass Sie unsere Internetseite besuchen&nbsp;und \u00fcber Ihr Interesse an Gewerbeverein Gro\u00dfauheim.&nbsp;<br>\n                    <br>Wir, das sind zur Zeit kleine und mittlere Unternehmen aus den&nbsp;Bereichen Handel, Handwerk und Dienstleistungen.<br>\n                    <br>Der Gewerbeverein Gro\u00dfauheim wurde im April 1950 in der ehemaligen&nbsp;Stadt Gro\u00dfauheim, dem heute gr\u00f6\u00dften Stadtteil Hanaus, gegr\u00fcndet.<br>Seit dieser Zeit steht unser Verein als Interessenvertretung in der Wirtschaft&nbsp;und verstehen uns als Sprachrohr der Gro\u00dfauheimer Betriebe und Dienstleister.<br>\n                    <br>Auf den n\u00e4chsten Seiten erhalten Sie einen Einblick \u00fcber unsere T\u00e4tigkeiten,&nbsp;&nbsp;Veranstaltungen und nat\u00fcrlich unsere Mitglieder. \n                  <\/p>\n                  <img decoding=\"async\" class=\"u-image u-image-circle u-image-2\" src=\"https:\/\/www.gewerbeverein-grossauheim.de\/wp-content\/uploads\/2022\/09\/rochusplatzneu.jpg\" alt=\"\" data-image-width=\"1425\" data-image-height=\"930\">\n                <\/div>\n              <\/div>\n            <\/div>\n          <\/div>\n        <\/div>\n      <\/div>\n      \n    <\/section>\n    <section class=\"u-clearfix u-section-4\" id=\"sec-2d48\">\n      <div class=\"u-clearfix u-sheet u-sheet-1\">\n        <img decoding=\"async\" class=\"u-image u-image-contain u-image-round u-radius-10 u-image-1\" src=\"https:\/\/www.gewerbeverein-grossauheim.de\/wp-content\/uploads\/2022\/09\/favicon.gif?rand=2ee3\" alt=\"\" data-image-width=\"629\" data-image-height=\"433\">\n      <\/div>\n    <\/section>\n    \n    \n  \n","protected":false},"excerpt":{"rendered":"<p>Herzlich Willkommen beim Gewerbeverein Gro\u00dfauheim Rochusmarkt 2023 Auch dieses Jahr laden wir Sie wieder herzlich ein Wir freuen uns, dass Sie unsere Internetseite besuchen&nbsp;und \u00fcber Ihr Interesse an Gewerbeverein Gro\u00dfauheim.&nbsp; Wir, das sind zur Zeit kleine und mittlere Unternehmen aus den&nbsp;Bereichen Handel, Handwerk und Dienstleistungen. Der Gewerbeverein Gro\u00dfauheim wurde im April 1950 in der ehemaligen&nbsp;Stadt &hellip; <a href=\"https:\/\/www.gewerbeverein-grossauheim.de\/\" class=\"more-link\">Continue reading<span class=\"screen-reader-text\"> &#8222;Startseite&#8220;<\/span><\/a><\/p>\n","protected":false},"author":1,"featured_media":0,"parent":0,"menu_order":6,"comment_status":"closed","ping_status":"closed","template":"","meta":{"footnotes":""},"class_list":["post-25","page","type-page","status-publish","hentry"],"_links":{"self":[{"href":"https:\/\/www.gewerbeverein-grossauheim.de\/index.php?rest_route=\/wp\/v2\/pages\/25","targetHints":{"allow":["GET"]}}],"collection":[{"href":"https:\/\/www.gewerbeverein-grossauheim.de\/index.php?rest_route=\/wp\/v2\/pages"}],"about":[{"href":"https:\/\/www.gewerbeverein-grossauheim.de\/index.php?rest_route=\/wp\/v2\/types\/page"}],"author":[{"embeddable":true,"href":"https:\/\/www.gewerbeverein-grossauheim.de\/index.php?rest_route=\/wp\/v2\/users\/1"}],"replies":[{"embeddable":true,"href":"https:\/\/www.gewerbeverein-grossauheim.de\/index.php?rest_route=%2Fwp%2Fv2%2Fcomments&post=25"}],"version-history":[{"count":2,"href":"https:\/\/www.gewerbeverein-grossauheim.de\/index.php?rest_route=\/wp\/v2\/pages\/25\/revisions"}],"predecessor-version":[{"id":87,"href":"https:\/\/www.gewerbeverein-grossauheim.de\/index.php?rest_route=\/wp\/v2\/pages\/25\/revisions\/87"}],"wp:attachment":[{"href":"https:\/\/www.gewerbeverein-grossauheim.de\/index.php?rest_route=%2Fwp%2Fv2%2Fmedia&parent=25"}],"curies":[{"name":"wp","href":"https:\/\/api.w.org\/{rel}","templated":true}]}}